{"id":7,"date":"2015-12-04T02:08:28","date_gmt":"2015-12-04T02:08:28","guid":{"rendered":"http:\/\/theme-fusion.com\/avada\/construction\/?page_id=7"},"modified":"2020-12-16T15:35:26","modified_gmt":"2020-12-16T14:35:26","slug":"about","status":"publish","type":"page","link":"https:\/\/enerlec.com\/?page_id=7","title":{"rendered":"Pr\u00e9sentation"},"content":{"rendered":"<p><div class=\"fusion-fullwidth fullwidth-box nonhundred-percent-fullwidth non-hundred-percent-height-scrolling\"  style='background-color: #fed03d;background-position: left top;background-repeat: no-repeat;padding-top:50px;padding-right:0px;padding-bottom:50px;padding-left:0px;'><div class=\"fusion-builder-row fusion-row \"><div  class=\"fusion-layout-column fusion_builder_column fusion_builder_column_1_1 fusion-builder-column-1 fusion-one-full fusion-column-first fusion-column-last 1_1\"  style='margin-top:0px;margin-bottom:0px;'>\n\t\t\t\t\t<div class=\"fusion-column-wrapper\" style=\"padding: 0px 0px 0px 0px;background-position:left top;background-repeat:no-repeat;-webkit-background-size:cover;-moz-background-size:cover;-o-background-size:cover;background-size:cover;\"   data-bg-url=\"\">\n\t\t\t\t\t\t<div class=\"fusion-text\"><h2 style=\"font-weight: 300; text-align: center;\">ENERLEC<\/h2>\n<\/div><div class=\"fusion-clearfix\"><\/div>\n\n\t\t\t\t\t<\/div>\n\t\t\t\t<\/div><\/div><\/div><div id=\"section1\" class=\"fusion-fullwidth fullwidth-box mass-responsive-section nonhundred-percent-fullwidth non-hundred-percent-height-scrolling\"  style='background-color: rgba(255,255,255,0);background-position: left top;background-repeat: no-repeat;padding-top:3%;padding-right:0px;padding-left:0px;'><div class=\"fusion-builder-row fusion-row \"><div  class=\"fusion-layout-column fusion_builder_column fusion_builder_column_1_1 fusion-builder-column-2 fusion-one-full fusion-column-first fusion-column-last mass-intro 1_1\"  style='margin-top:42px;margin-bottom:20px;'>\n\t\t\t\t\t<div class=\"fusion-column-wrapper\" style=\"padding: 0px 15% 0px 15%;background-position:left top;background-repeat:no-repeat;-webkit-background-size:cover;-moz-background-size:cover;-o-background-size:cover;background-size:cover;\"   data-bg-url=\"\">\n\t\t\t\t\t\t<div class=\"fusion-title title fusion-title-1 fusion-sep-none fusion-title-center fusion-title-size-two\" style=\"margin-top:0px;margin-bottom:20px;\"><h2 class=\"title-heading-center\" style=\"margin:0;\">PR\u00c9SENTATION<\/h2><\/div><div class=\"fusion-sep-clear\"><\/div><div class=\"fusion-separator sep-single sep-solid\" style=\"border-color:#fed03d;border-top-width:2px;margin-left: auto;margin-right: auto;margin-top:0px;margin-bottom:30px;width:100%;max-width:206px;\"><\/div><div class=\"fusion-text\"><p style=\"text-align: center;\">ENERLEC est une Soci\u00e9t\u00e9 \u00e0 Responsabilit\u00e9 Limit\u00e9e (Sarl) au capital de 10 000 000 FCFA cr\u00e9\u00e9e en 2000.<br \/>\nC\u2019est une soci\u00e9t\u00e9 qui a toujours veill\u00e9 \u00e0 la satisfaction de ses clients, avec comme ambition, d\u2019apporter les solutions les plus adapt\u00e9es aux attentes locales.<br \/>\nNotre professionnalisme et l\u2019adaptation de nos moyens techniques nous permettent de r\u00e9pondre aux \u00e9volutions technologiques du march\u00e9.<br \/>\nDisposant de sp\u00e9cialistes en \u00e9tudes et travaux et d\u2019experts en contr\u00f4le de chantiers, ENERLEC propose :<br \/>\nDes services de montage de dossiers d\u2019ex\u00e9cution de travaux \u00e9lectriques ;<br \/>\nDes tests de conformit\u00e9 ;<br \/>\nDes suivis \u00e9valuations de projets \u00e9lectriques des ex\u00e9cutions de chantier ;<br \/>\nDes audits \u00e9lectriques et \u00e9nerg\u00e9tiques d\u2019installations \u00e9lectriques des ouvriers qualifi\u00e9s dans les m\u00e9tiers de l\u2019\u00e9lectricit\u00e9 qui assurent avec dext\u00e9rit\u00e9 les missions confi\u00e9es \u00e0 la soci\u00e9t\u00e9. Gr\u00e2ce \u00e0 ses partenariats ext\u00e9rieurs avec des marques de grande renomm\u00e9e, elle ex\u00e9cute aussi des missions dans la sous-r\u00e9gion.<\/p>\n<\/div><div class=\"fusion-clearfix\"><\/div>\n\n\t\t\t\t\t<\/div>\n\t\t\t\t<\/div><\/div><\/div><div class=\"fusion-fullwidth fullwidth-box nonhundred-percent-fullwidth non-hundred-percent-height-scrolling\"  style='background-color: rgba(255,255,255,0);background-position: right center;background-repeat: no-repeat;padding-top:0px;padding-right:0px;padding-bottom:0px;padding-left:0px;'><div class=\"fusion-builder-row fusion-row \"><div  class=\"fusion-layout-column fusion_builder_column fusion_builder_column_1_1 fusion-builder-column-3 fusion-one-full fusion-column-first fusion-column-last 1_1\"  style='margin-top:0px;margin-bottom:0px;'>\n\t\t\t\t\t<div class=\"fusion-column-wrapper\" style=\"padding: 0px 0px 0px 0px;background-position:left top;background-repeat:no-repeat;-webkit-background-size:cover;-moz-background-size:cover;-o-background-size:cover;background-size:cover;\"   data-bg-url=\"\">\n\t\t\t\t\t\t<div class=\"fusion-column-content-centered\"><div class=\"fusion-column-content\"><div class=\"imageframe-align-center\"><span style=\"width:100%;max-width:1000px;\" class=\"fusion-imageframe imageframe-none imageframe-1 hover-type-none\"><img loading=\"lazy\" decoding=\"async\" src=\"http:\/\/enerlec.com\/wp-content\/uploads\/2020\/10\/wire-1098059_1920-300x169.jpg\" width=\"300\" height=\"169\" alt=\"\" title=\"wire-1098059_1920\" class=\"img-responsive wp-image-1448\" srcset=\"https:\/\/enerlec.com\/wp-content\/uploads\/2020\/10\/wire-1098059_1920-200x113.jpg 200w, https:\/\/enerlec.com\/wp-content\/uploads\/2020\/10\/wire-1098059_1920-400x225.jpg 400w, https:\/\/enerlec.com\/wp-content\/uploads\/2020\/10\/wire-1098059_1920-600x338.jpg 600w, https:\/\/enerlec.com\/wp-content\/uploads\/2020\/10\/wire-1098059_1920-800x450.jpg 800w, https:\/\/enerlec.com\/wp-content\/uploads\/2020\/10\/wire-1098059_1920-1200x675.jpg 1200w, https:\/\/enerlec.com\/wp-content\/uploads\/2020\/10\/wire-1098059_1920.jpg 1920w\" sizes=\"(max-width: 800px) 100vw, 300px\" \/><\/span><\/div><\/div><\/div><div class=\"fusion-clearfix\"><\/div>\n\n\t\t\t\t\t<\/div>\n\t\t\t\t<\/div><\/div><\/div><\/p>\n","protected":false},"excerpt":{"rendered":"","protected":false},"author":1,"featured_media":0,"parent":0,"menu_order":0,"comment_status":"closed","ping_status":"closed","template":"100-width.php","meta":{"footnotes":""},"_links":{"self":[{"href":"https:\/\/enerlec.com\/index.php?rest_route=\/wp\/v2\/pages\/7"}],"collection":[{"href":"https:\/\/enerlec.com\/index.php?rest_route=\/wp\/v2\/pages"}],"about":[{"href":"https:\/\/enerlec.com\/index.php?rest_route=\/wp\/v2\/types\/page"}],"author":[{"embeddable":true,"href":"https:\/\/enerlec.com\/index.php?rest_route=\/wp\/v2\/users\/1"}],"replies":[{"embeddable":true,"href":"https:\/\/enerlec.com\/index.php?rest_route=%2Fwp%2Fv2%2Fcomments&post=7"}],"version-history":[{"count":18,"href":"https:\/\/enerlec.com\/index.php?rest_route=\/wp\/v2\/pages\/7\/revisions"}],"predecessor-version":[{"id":1449,"href":"https:\/\/enerlec.com\/index.php?rest_route=\/wp\/v2\/pages\/7\/revisions\/1449"}],"wp:attachment":[{"href":"https:\/\/enerlec.com\/index.php?rest_route=%2Fwp%2Fv2%2Fmedia&parent=7"}],"curies":[{"name":"wp","href":"https:\/\/api.w.org\/{rel}","templated":true}]}}